 2*m = m + 54. What is the greatest common factor of 6 and m?
6
Let c be 1456/35 - 6/(-15). Calculate the greatest common divisor of c and 56.
14
Suppose 11*p - 294 = 5*p. What is the greatest common factor of 98 and p?
49
Suppose 2 - 29 = -v. What is the highest common divisor of v and 9?
9
Let j(f) = 3 + 7*f + f**2 - f + f - 3*f**3 - 5*f. Let d be j(-2). What is the greatest common divisor of 189 and d?
27
Suppose -j + 0*j = -36. Let l be (2 + -20)*1/(-2). What is the highest common divisor of j and l?
9
Let a(b) = 12*b**2 - 5*b - 3. Let g be a(-3). Let h be (18/(-12))/(2/(-20)). What is the greatest common factor of g and h?
15
Let q = 8 + -2. Let u = -4 + 7. Suppose -38 = -r + v + v, -2*r + 81 = -u*v. What is the greatest common factor of q and r?
6
Suppose 13*s = 10*s + 297. Calculate the greatest common divisor of s and 11.
11
Let a = 9 + -2. Let t = -473 + 536. Calculate the highest common factor of a and t.
7
Let y be (-2)/5 + (-43)/5. Let u be y*1*(0 + -1). Calculate the highest common divisor of 27 and u.
9
Suppose -3*t = -4*t + 232. Calculate the greatest common divisor of 29 and t.
29
Let h be 2/(-3*1/(-6)). Suppose h*x = -3*l, -6 = -3*x + 2*l + 11. Suppose -n = -x*n + 396. What is the greatest common divisor of n and 18?
18
Let b = 64 + -29. Suppose -4*k + 5*k - 7 = 0. What is the greatest common factor of k and b?
7
Let s be 1 + -4 + -7 + 4. Let a be (-16)/s*(-6)/(-4). Calculate the greatest common factor of 4 and a.
4
Suppose 7*g - 25 = 2*g - 5*t, 3*g - 5*t = 23. Calculate the highest common divisor of g and 12.
6
Let g(b) = b + 8. Let q be g(-5). Let z = -1 + 1. Suppose 18 = q*h - z*h. What is the highest common divisor of h and 1?
1
Let n be (77/14)/((-2)/(-4)). Let b = 12 - 8. Suppose b*t + n = 43. What is the greatest common divisor of t and 2?
2
Let p = 10 + -14. Let u be 0 - (-23 + (p - -3)). What is the highest common factor of 3 and u?
3
Let l(p) = -p**3 - 7*p**2 - 6*p + 2. Let n be l(-6). Let b(g) = 2*g**2 + 5*g - 3. Let r be b(-5). Calculate the highest common divisor of r and n.
2
Suppose -5*d = 2*b - 102 + 10, -2*d = -3*b - 52. Let i be (-1450)/(-58)*2/5. Calculate the greatest common factor of i and d.
10
Let s(r) = 24*r**2 - r. Let g be (3/2)/((-6)/(-4)). Let j be s(g). Suppose -4*k = 12, v - k = 43 + j. What is the highest common divisor of 9 and v?
9
Let r be 3/5*(5 - 0). Suppose r*o - 2*o = 1. Suppose 2 = v + o. Calculate the greatest common divisor of v and 2.
1
Suppose -4*p = b + 51, -3 = -b + 2. Let c = 66 + p. Calculate the highest common divisor of c and 130.
26
Let a(c) = 2*c**2 - 9*c. Let i be a(6). Let z(s) = s**2 + 10*s + 30. Let h be z(-7). Calculate the greatest common factor of i and h.
9
Let l = 120 - 99. What is the greatest common divisor of l and 6?
3
Suppose -20 = 7*p - 12*p. Suppose -4*i + 195 = -3*c, -4*i - 205 = -9*i - p*c. Calculate the greatest common factor of i and 9.
9
Suppose 3*m - 5*n = 43, m - n - 31 = 4*n. Let l(o) = o**3 - o**2 + o + 66. Let b be l(0). Calculate the greatest common factor of b and m.
6
Let p = -191 + 196. Calculate the greatest common divisor of p and 85.
5
Let i be (-10)/((-1 + -1)/1). Let q = i - -1. What is the greatest common divisor of q and 24?
6
Let p = -164 + 290. Let c = -46 + p. Let w be -1 + 10 - (1 - 2). What is the highest common divisor of w and c?
10
Let m = 25 - 22. Suppose 0 = -m*p + 12 - 3. Calculate the greatest common divisor of p and 2.
1
Let s be 1 + 0 - (-114 - 5). Suppose -4*m - o + 96 = 0, -5*m + 0*o + o = -s. What is the highest common divisor of 16 and m?
8
Let f be 1*(-2 + 2 + 1). Suppose 0 = 3*g - 27. Suppose -m + 4*m = g. Calculate the greatest common factor of m and f.
1
Let c(m) = -61*m - 1. Let u be c(-2). Calculate the highest common factor of 11 and u.
11
Let f(q) = -q**3 + 3*q**2 + 10*q - 8. Let m be f(3). Calculate the greatest common factor of m and 44.
22
Let i be (-2 + 7/4)*-4. Let w = i + 3. Suppose 5*k = w*l - 185, -l = 3*k + 2*k - 65. What is the highest common divisor of l and 5?
5
Suppose -4*s + 450 = s. What is the highest common divisor of 10 and s?
10
Let n = 14 - 9. Suppose -5*r = 15, -3*l + n*l + r - 165 = 0. What is the highest common divisor of l and 12?
12
Suppose 78 = 5*m - 2*m. Let j = 61 + -35. Calculate the highest common factor of m and j.
26
Let u = -75 - -113. Suppose 0 = -5*r + 9*r + 4. Let f be (-59)/r - (1 + 1). Calculate the greatest common divisor of f and u.
19
Let s = 81 + -56. Calculate the greatest common factor of 5 and s.
5
Let f be (-168)/18 + (-4)/6. Let i(w) = w**2 + 7*w - 13. Let c be i(f). Let o = c + -8. What is the greatest common factor of 99 and o?
9
Suppose -1785 = -0*m - 21*m. Calculate the highest common factor of 34 and m.
17
Let l = 44 + -25. Suppose -4*i = l - 75. Calculate the highest common divisor of i and 126.
14
Let n = 33 + 1. Let u = 6 - 8. Let h be ((-106)/1)/(-2) + u. What is the highest common factor of n and h?
17
Suppose 5*l = 2*l + 240. Let u = 116 + -47. Suppose 4*y = -20, -3*o + u = o - y. Calculate the highest common divisor of l and o.
16
Let u(c) = 5*c**2 + 4*c - 2. Let s = 8 - 5. Let r be u(s). What is the greatest common factor of 5 and r?
5
Suppose 2*z = -3*h + 120, 5*h + 0*h = -5*z + 305. Let v = 145 + -138. What is the greatest common divisor of z and v?
7
Suppose 5*s + 2 - 32 = 0. Calculate the highest common divisor of s and 6.
6
Let r = -2 - -5. Let p = r + -1. Suppose 20 = 2*q - 0. What is the highest common factor of p and q?
2
Let g = 44 + -32. Let i(d) = -d**3 + 6*d**2 - 3*d + 2. Let y be i(5). Calculate the highest common factor of y and g.
12
Let y(m) = 6*m**2 - 2*m - 16. Let u be y(-4). What is the greatest common factor of 8 and u?
8
Let r(f) = f**2 + 2*f + 4. Let t be r(-4). Suppose 2*b = -0*b + 4. Suppose -1 = -b*n + 7. What is the highest common divisor of t and n?
4
Suppose 2*p - 5*k - 11 = 63, 2*p + 4*k = 56. Let y = 0 + 4. What is the highest common factor of p and y?
4
Suppose -v = v - 2. Let s = v + -2. Let q = 4 - s. Calculate the greatest common divisor of q and 45.
5
Let f be (-374)/(-6) + (-2)/(-3). What is the greatest common divisor of f and 7?
7
Let f(a) be the third derivative of a**6/120 + a**5/15 - a**4/24 - a**3/3 + 3*a**2. Let x be f(-4). Calculate the greatest common divisor of x and 2.
2
Let w be (2 - 1) + 0/(-2). Let i be 28 + (-1)/w - 0. What is the greatest common factor of i and 9?
9
Let l(t) = t**3 + 3*t**2 + 2*t + 12. Let a be l(4). What is the highest common divisor of 22 and a?
22
Let m(z) be the third derivative of 0*z + 2*z**2 + 1/3*z**5 - 1/6*z**3 + 1/12*z**4 + 0. Let u be m(1). Calculate the highest common factor of 14 and u.
7
Let f be (-3)/6 + (-142)/4. Let r be (f/1)/(-4 - -5). Let l = -21 - r. What is the greatest common divisor of 120 and l?
15
Suppose -3*w + 4*p = -40, 0 = 2*w + p - 3*p - 26. What is the greatest common factor of w and 30?
6
Let q be 4 + (-3 - (-7 - 0)). What is the greatest common factor of 2 and q?
2
Suppose 5*o = 2*s - 148, 0*s + 2*s = 2*o + 160. What is the highest common divisor of 12 and s?
12
Suppose 3*f - 65 - 178 = 0. What is the highest common factor of f and 9?
9
Suppose -2*u - 5*h + 151 = 0, u + 3*h + h = 83. Suppose -157 = -5*c - 17. Suppose -c = 2*b - 6*b. Calculate the highest common factor of u and b.
7
Let j = -36 + 46. Calculate the highest common factor of 90 and j.
10
Let u(h) = -52*h + 1. Let j be u(4). Let w be (-3)/15 + j/15. Let v be 3*8/w*-42. What is the highest common divisor of 18 and v?
18
Suppose -4*n + 0*s = s + 121, 3*n = -3*s - 102. Let b = 40 + n. Calculate the greatest common factor of 11 and b.
11
Suppose 0 = -s - 2*s - 18. Let y = 9 + s. Suppose 3*v - 2 - 29 = m, y*v + 2*m = 28. What is the greatest common divisor of v and 80?
10
Let c = -7 + 7. Let z be 1*(-1)/(1 + 0). Let p be (c - -1)/(z/(-13)). Calculate the greatest common factor of 52 and p.
13
Suppose 3*a = a + 120. Let d(y) = -y + 5. Let z be d(4). Let l be (-3*1)/(z/(-4)). What is the greatest common factor of l and a?
12
Let d = -35 + 69. Suppose -d = -3*g + 26. Let w = 9 - 5. Calculate the highest common factor of g and w.
4
Let x be ((-6)/((-108)/99))/(2/4). Suppose 0 = 5*s - 3*s + 8, s - 29 = -3*q. What is the highest common divisor of q and x?
11
Suppose 2*z - l = -z + 31, z + 13 = 5*l. 